1
In base 5, what is 10 + 144433132414?
144433132424
In base 4, what is -12232203022 + -10?
-12232203032
In base 3, what is 102 - -10100010202000?
10100010202102
In base 16, what is -129 - 1729?
-1852
In base 12, what is 2 + b810a1?
b810a3
In base 5, what is -1402 + -34012?
-40414
In base 5, what is -112434411042 + 3?
-112434411034
In base 9, what is -106836 + -7633?
-115570
In base 16, what is -1d7a066 + -3?
-1d7a069
In base 13, what is 106cb + 1875?
12273
In base 6, what is -5101331521 + -5?
-5101331530
In base 9, what is 44 - 264430?
-264375
In base 15, what is -4c + -76752?
-7679e
In base 7, what is 1 + -2103236515?
-2103236514
In base 7, what is 4211 + 11115604?
11123115
In base 16, what is c + fc47b?
fc487
In base 2, what is -11010 - 1101001000000100?
-1101001000011110
In base 2, what is -1111000000011010111 - 1011001111?
-1111000001110100110
In base 7, what is -423 + -15454431?
-15455154
In base 12, what is 7 + 10885549?
10885554
In base 2, what is -101010010101110 + 11101111?
-101001110111111
In base 10, what is -6747628 + 2?
-6747626
In base 2, what is 100111110001110010101 + 10001?
100111110001110100110
In base 13, what is 193b + -148?
17c3
In base 3, what is -11010202021221 - 2?
-11010202022000
In base 5, what is -2 + 3133441431?
3133441424
In base 16, what is 6e + 2066?
20d4
In base 15, what is 94 + 60ab?
6150
In base 13, what is 4b9 - -46326?
46812
In base 10, what is -2748 + -2277?
-5025
In base 2, what is -101011 - -11101101011100011100?
11101101011011110001
In base 7, what is 2 - -212026651?
212026653
In base 10, what is 3 - 3579080?
-3579077
In base 10, what is -2936067 - -79?
-2935988
In base 16, what is 329f1214 - -1?
329f1215
In base 16, what is -37 + -486ce?
-48705
In base 8, what is 703435 - 120?
703315
In base 15, what is 41d74e9 - -2?
41d74eb
In base 12, what is -b + b1b7203?
b1b71b4
In base 12, what is 75 + 25a08?
25a81
In base 14, what is -2b0227 + -52?
-2b0279
In base 3, what is -11111101 - -21210010022?
21121121221
In base 5, what is -10 + -1014010132?
-1014010142
In base 16, what is -72 + -5a8?
-61a
In base 3, what is 10 - -2100222021220?
2100222022000
In base 12, what is 915b32a + 5?
915b333
In base 3, what is -102 - 10122221100222?
-10122221101101
In base 13, what is -6c + -5a041?
-5a0b0
In base 11, what is 133a94552 + -2?
133a94550
In base 10, what is -2274604 + 2?
-2274602
In base 9, what is -32543 - -2518?
-30024
In base 7, what is 205023244 + -1?
205023243
In base 15, what is 1577 + -3739?
-21b2
In base 12, what is -235119 - -117?
-235002
In base 11, what is 2181a094 - -2?
2181a096
In base 3, what is -1122221 + -100220221?
-102120212
In base 3, what is -1211021 - 1012102011021?
-1012110222112
In base 13, what is -13b + -8790b?
-87a49
In base 10, what is 0 - -1202427?
1202427
In base 11, what is -90 + 1538243?
1538163
In base 13, what is 7598b64 + -6?
7598b5b
In base 10, what is 33068602 + 0?
33068602
In base 4, what is 101 + 3200121120?
3200121221
In base 4, what is -32002 + 11100220?
11002212
In base 2, what is 110111 + -1011110001110101101000?
-1011110001110100110001
In base 8, what is -3 - -1362470?
1362465
In base 6, what is -4 - -2441442221?
2441442213
In base 6, what is -442510134 + 2?
-442510132
In base 16, what is 124 - -9003?
9127
In base 5, what is 210202 - 1210033?
-444331
In base 12, what is -8915 - -186?
-874b
In base 8, what is -7541307 - -3?
-7541304
In base 2, what is 1 + -10001110111101000110000?
-10001110111101000101111
In base 12, what is 4 - -35530642?
35530646
In base 9, what is 73424 - -183?
73617
In base 14, what is 3986 - 454?
3532
In base 5, what is -14 + 22220343312?
22220343243
In base 6, what is -133 + -3323014?
-3323151
In base 6, what is -4 - -1213024553?
1213024545
In base 3, what is 2021221200020 + 112?
2021221200202
In base 15, what is b008 + 85?
b08d
In base 15, what is -4922 + -33c?
-4c5e
In base 16, what is -6969 - 47?
-69b0
In base 9, what is -117547 - 17?
-117565
In base 12, what is 165 + -6224?
-607b
In base 7, what is -1266 + 5146500?
5145201
In base 3, what is -1220 + -10010001020022?
-10010001022012
In base 14, what is 789d17d - 1?
789d17c
In base 16, what is -e + 34aee8?
34aeda
In base 16, what is -5 - f6fac?
-f6fb1
In base 16, what is -1 + 6779b63?
6779b62
In base 5, what is -3 + 10143344243?
10143344240
In base 11, what is -37099 + 72?
-37027
In base 7, what is 3264 + -45541?
-42244
In base 4, what is 132032 + -333012?
-200320
In base 8, what is -5267530 + -236?
-5267766
In base 14, what is 0 - 3d5792?
-3d5792
In base 7, what is 122646203 - -11?
122646214
In base 16, what is 5 + -1d7944?
-1d793f
In base 14, what is -42b6b + -37?
-42ba4
In base 12, what is -3312754 + 7?
-3312749
In base 10, what is 15180141 + 4?
15180145
In base 4, what is -302002302023 - 333?
-302002303022
In base 15, what is 4 - 1b10488?
-1b10484
In base 6, what is -20 + 224324434?
224324414
In base 11, what is -106025 - 30a?
-106334
In base 3, what is 2220010100012221 + 11?
2220010100020002
In base 12, what is 1368b25 - 6?
1368b1b
In base 7, what is 143 - -2131314?
2131460
In base 7, what is 4 + 31024200?
31024204
In base 11, what is 2770620 + 14?
2770634
In base 6, what is 12411 - 422253?
-405442
In base 3, what is -201 + -201101021010?
-201101021211
In base 12, what is -136355b + -11?
-1363570
In base 11, what is -590846 + 4?
-590842
In base 11, what is -a567278 - 13?
-a567290
In base 7, what is -24023 - 4121?
-31144
In base 4, what is 2030113310 + 323?
2030120233
In base 14, what is 6 + -1708593?
-170858b
In base 9, what is -110204186 - 4?
-110204201
In base 2, what is -1100001100 - 10110100000111101?
-10110101101001001
In base 14, what is -1b3 + 7927?
7754
In base 2, what is 100000001111100001 - -11111?
100000010000000000
In base 11, what is 167175937 - -6?
167175942
In base 2, what is 11110110011100001001110 + -101?
11110110011100001001001
In base 11, what is -5 + -25026328?
-25026332
In base 11, what is 4 - -1aa7502?
1aa7506
In base 13, what is 12549 + -6496?
9083
In base 9, what is 7364 + 2441?
10815
In base 9, what is 57250 + -668?
56471
In base 10, what is -38 - -1739759?
1739721
In base 2, what is 11 - 1010011100110011110100100?
-1010011100110011110100001
In base 14, what is 1 + 576b9a?
576b9b
In base 3, what is -1010012001120002 - 11?
-1010012001120020
In base 7, what is -10000 + -154412?
-164412
In base 6, what is 10 + 441424533?
441424543
In base 11, what is 19960704 + -4?
19960700
In base 3, what is -120100022012 - 1122102?
-120101221121
In base 9, what is 7043610 + 4?
7043614
In base 5, what is -3144122031 + -10?
-3144122041
In base 9, what is -3 - -5435453?
5435450
In base 14, what is 901b6b5 - -5?
901b6ba
In base 14, what is d2 + -2995a8?
-2994b6
In base 12, what is -2b + 86bb73?
86bb44
In base 13, what is 0 + 114c768c?
114c768c
In base 6, what is -4 + -22023152140?
-22023152144
In base 9, what is -445 - 80741?
-81286
In base 5, what is 4 + 20421312432?
20421312441
In base 14, what is -274 - -11ca?
d56
In base 5, what is 1031224113 - -114?
1031224232
In base 5, what is 2 - 302003142?
-302003140
In base 2, what is -1 + -100100000000100010101?
-100100000000100010110
In base 14, what is 3 + -2b80408?
-2b80405
In base 3, what is 112211200 - -20110012?
210021212
In base 4, what is -1330 + 12300102132?
12300100202
In base 11, what is -458 + -2104?
-2561
In base 4, what is -12123211030 - 23303?
-12123300333
In base 4, what is -1133310003 + 3003?
-1133301000
In base 7, what is -520 + 1315666?
1315146
In base 5, what is -114442312144 - 13?
-114442312212
In base 8, what is -42146731 + 5?
-42146724
In base 11, what is 1 + 2625291?
2625292
In base 7, what is -20 - -55326156?
55326136
In base 7, what is 23 - -1250361?
1250414
In base 12, what is -2 + -7a77522?
-7a77524
In base 5, what is -4242311 + 22121?
-4220140
In base 8, what is 0 - -3670202?
3670202
In base 2, what is 100110111011 + 1011110110011?
10000101101110
In base 3, what is 11101 + 2010121120?
2010202221
In base 12, what is 18a873 + -155?
18a71a
In base 4, what is -131021 - -111203000?
111011313
In base 14, what is 9918 + -bd4?
8b24
In base 14, what is 783ac - b?
783a1
In base 3, what is 22211201 - -10221221?
110210122
In base 13, what is 35a7a7 + 0?
35a7a7
In base 13, what is -8 - 45670?
-45678
In base 6, what is -2202 + 220